3 - 6*j**2 + 2*j - 2. Let r be y(6). Let v be -1 + -6 + (-1 - -3). Let w = r + v. List the prime factors of w.
5
Let j be ((-44)/(-33))/(2/(-3)). What are the prime factors of (j/4)/(4/(-56))?
7
Let z(o) = -5*o**3 + o**2 - 4*o. What are the prime factors of z(-3)?
2, 3, 13
Let h = 64 - 15. What are the prime factors of h?
7
Let u(g) = g**2 - 4*g - 1. Let w be u(5). Suppose 4*h = -2*c - c + 93, -124 = -4*c + w*h. What are the prime factors of c?
31
Suppose 11 - 1 = 5*w. What are the prime factors of 3*(-1 + 2)*w?
2, 3
Suppose 2*u + 87 = 5*u - 3*d, -u - d = -23. What are the prime factors of u?
2, 13
Suppose 4*n = 2*h + 52, 2*h + 7 = 3*n - 31. List the prime factors of n.
2, 7
Let q be 47 - 12/(6 + -2). Let k = -28 + q. List the prime factors of k.
2
Suppose 0 = n - a + 12, a + 0 = -n - 8. Let x = 12 + n. List the prime factors of x.
2
Let i(j) be the first derivative of -j**2/2 + 7*j - 3. What are the prime factors of i(-5)?
2, 3
Let k = -34 - -64. List the prime factors of k.
2, 3, 5
Suppose -5*n - 2*r - 5 = 3*r, 3*n - 5*r - 29 = 0. Suppose n*j - 2 = 40. What are the prime factors of j?
2, 7
Let k(f) = f**2 + 5*f - 3. Let q be k(-6). Suppose 0*v - q*v = -33. List the prime factors of v.
11
Let z = 1 - 4. Let f(x) = 3*x**2 + 3*x - 1. What are the prime factors of f(z)?
17
Let i(v) = -v**3 - 3*v**2 + 3*v - 1. Let s be i(-4). Suppose -6*m + s*m = -36. List the prime factors of 3/2 + 6/m.
2
Suppose -2*k - 4 = 4*p + 2*k, -5*k = -5*p + 35. Suppose -2*h = -p - 9. List the prime factors of h.
2, 3
What are the prime factors of (9/4)/(9/108)?
3
Let d be (-204)/21 - 4/14. Let s = 21 + d. Let n(j) = j - 5. List the prime factors of n(s).
2, 3
Suppose -2*y - 32 - 34 = 0. Let b = -18 - y. Suppose -3*k + 0 = -b. List the prime factors of k.
5
Let m(f) be the first derivative of -f**3/3 - f**2 + f + 2. Let t be m(1). Let n = t - -19. What are the prime factors of n?
17
Let p(b) = 8 - 7 + 6 + 5 + 3*b. Let v be p(-8). Let x = v + 22. List the prime factors of x.
2, 5
Suppose -5*x - 5 = -0*x. What are the prime factors of 624/20 - x/(-5)?
31
Let z = -22 + 7. Let t = z + -10. Let b = t - -35. What are the prime factors of b?
2, 5
Suppose 2*j = -2 + 6. List the prime factors of (6/3)/(j/21).
3, 7
Let d = 10 + -12. Let i = 17 + d. What are the prime factors of i?
3, 5
Let g = -115 - -65. Let d = g + 84. What are the prime factors of d?
2, 17
Let t(o) = -11*o**3 - o**2 - o. Let v be t(-1). Suppose 5*g - 9 = v, 78 = 2*z + g. List the prime factors of z.
37
Suppose -3*a - a = -12. Suppose -15 + 0 = -a*h. What are the prime factors of h?
5
Suppose -4*l + u + 1345 = 0, -3*l - 267 = -4*u - 1292. What are the prime factors of l?
5, 67
Let x be (-2)/(-3) - (-6)/18. Suppose 4*t = 21 - x. List the prime factors of t.
5
Suppose 0 = -3*m - 0*m + 228. List the prime factors of m.
2, 19
Let c(a) = 2*a**2 - 13*a + 7. List the prime factors of c(9).
2, 13
Suppose -4*a + 5*q - 15 = a, -5*q = -2*a - 15. Suppose a = -3*b - 0*b + 15. What are the prime factors of b?
5
Let t(v) = -v - 8. Let i = -7 - -1. Let n be t(i). List the prime factors of 12/((-10)/n - 3).
2, 3
Let a = -40 - -7. Let i = a + 59. Let s = i + -17. What are the prime factors of s?
3
Let v(j) = 5*j - 3. Let c(x) = -29*x + 18. Let f(a) = -6*c(a) - 34*v(a). Let n be f(4). List the prime factors of (-72)/(-7) + n/(-35).
2, 5
Suppose -4*y = -16 - 8. Suppose -3*t - 5*r - 19 = -y, 5*t + 5 = -5*r. Suppose -5*d = -t*d - 3. What are the prime factors of d?
3
Let v(u) = 122*u + 16. What are the prime factors of v(3)?
2, 191
Suppose 33 = -5*s + 8*s. Let l(w) = w**3 + 7*w**2 + 8*w + 3. Let o be l(-6). Let v = o + s. What are the prime factors of v?
2
Suppose -16 = 2*w - 262. What are the prime factors of w?
3, 41
Let z(w) = w - 5. Let h be z(6). Suppose 2*u - 5 + h = 0. Suppose -7*q + u*q = -50. What are the prime factors of q?
2, 5
Let n(y) = y**3 - 27. Let f be n(0). Let k = -7 - f. What are the prime factors of k?
2, 5
Let v = 1 + -1. Suppose -4*u - 4*c + 2*c + 8 = 0, v = 4*c. List the prime factors of u.
2
Suppose 6*j = 2*j - 28. List the prime factors of (-12)/(-7) + (-2)/j.
2
Let d(m) = 21*m**2 + 8*m + 26. List the prime factors of d(-4).
2, 3, 5, 11
Let j(n) = 3*n**2 - 33*n. List the prime factors of j(14).
2, 3, 7
What are the prime factors of (-498)/(-15) - 4/20?
3, 11
Let a(f) = -16*f**3 - 30*f**2 - 30*f - 11. Let c(x) = -3*x**3 - 6*x**2 - 6*x - 2. Let j(n) = -2*a(n) + 11*c(n). List the prime factors of j(-5).
5
Suppose -4*m + 0*m - 268 = 0. Let n = -39 - m. Suppose n = 2*q + 8. List the prime factors of q.
2, 5
Let w be 2 + (-3)/6*2. Let l(n) = 2*n**3 + n. What are the prime factors of l(w)?
3
Let a(u) = 2*u - 6 + 2 + 4 - 4. What are the prime factors of a(4)?
2
Let c(u) = 9*u - 1. Let b(h) = h**2 + 5*h + 3. Let g be b(-3). Let k be (1 - 3/g)/2. List the prime factors of c(k).
2
Suppose 2*o = -0*o. Let n = 27 + -12. Suppose 0 = -4*s + 16, o = -4*q + 3*s + n + 41. What are the prime factors of q?
17
Let t be (5/4)/(2/16). Suppose 3*k - 3*a - t = 2*k, -40 = -4*k + a. What are the prime factors of k?
2, 5
Suppose 5*q - 39 = y + 273, 3*y = 9. List the prime factors of 1337/q - 4/18.
3, 7
Suppose 0 = -6*b + 2*b - 32. Let v(f) = -5*f - 13. List the prime factors of v(b).
3
Suppose 2*d = 2 - 8. What are the prime factors of 2 + d + -2 + 22?
19
Suppose 162 = -s + 5*s + 2*p, -5*p = -s + 13. What are the prime factors of s?
2, 19
What are the prime factors of ((-192)/(-30)*2)/((-1)/(-5))?
2
Let a = -1 - -11. Suppose 3*m = 5*m - a. Suppose m*c - c - 28 = 0. List the prime factors of c.
7
Let a(q) = -3*q - 3. Let f(m) = 10*m + 10. Let z(b) = -7*a(b) - 2*f(b). Let s be z(5). List the prime factors of (18/(-3))/((-9)/s).
2
Suppose -5 = -4*w + 7. Let d(f) = 5*f**3 - 2 + f - 2 + w. What are the prime factors of d(1)?
5
Suppose 0 = x - 0 - 3. Suppose -20 = r - x*r. List the prime factors of r.
2, 5
Let p = 0 + 4. Suppose p*v - 1 = 11. List the prime factors of v.
3
Suppose 4*q = x + 273, -3*q = q + x - 263. Let g = q - 41. List the prime factors of g.
2, 13
Let j(m) = m**2 - 8. List the prime factors of j(-6).
2, 7
Let u = 138 + -74. What are the prime factors of u?
2
Let m(p) = p**3 - 7*p**2 + 15*p + 1. Let y(v) = v**3 - 6*v**2 + 16*v + 2. Let c(w) = 5*m(w) - 4*y(w). What are the prime factors of c(10)?
7
Let h(m) = m**3 + 4*m**2 + 2*m + 5. Let w be h(-4). Let u(k) be the second derivative of k**4/6 + k**3/3 + k**2 + 2*k. What are the prime factors of u(w)?
2, 7
Suppose 0 = -y + 2, -3*y = 4*q + y + 96. Let o = 39 + q. List the prime factors of o.
13
Let r be (-2)/6 + 24/(-9). Let h be (-14)/r - (-3)/9. Suppose -7 = -h*j + 8. List the prime factors of j.
3
Let a(z) = z**3 + 7*z**2 + 5. Let h be a(-7). Suppose -b - 2*c = c + 5, 0 = 5*b + h*c - 5. Suppose y + 2 = 0, 3*x - 29 = -b*y + 8. List the prime factors of x.
3, 5
Let r(i) be the first derivative of i**4/4 + 2*i**3 + 3*i**2/2 + 4*i + 2. List the prime factors of r(-4).
2, 3
Let o = -9 - -8. Let p = o + 11. What are the prime factors of p?
2, 5
Suppose 34 - 124 = -5*o. List the prime factors of o.
2, 3
Let f(s) = 4*s**3 - s**2 + 3. Let a(n) = n**3 + n**2 + 1. Let p(y) = 3*a(y) - f(y). Let q be p(4). Suppose q = 4*k - 47 - 9. List the prime factors of k.
2, 7
Suppose -5*m = 15, 2*w + 3*m + 99 = 5*w. List the prime factors of w.
2, 3, 5
Let d = 103 - 44. Suppose 3*t - 50 = 4*h, 0*t + 3*t = -5*h + d. What are the prime factors of t?
2, 3
Let s(o) = 4*o - 10. Let m(q) = 9*q - 21. Let h(f) = 6*m(f) - 13*s(f). List the prime factors of h(6).
2
Let g = 69 - 46. What are the prime factors of g?
23
Let r(w) be the third derivative of w**5/60 + w**4/12 + w**3/3 + 8*w**2. What are the prime factors of r(-7)?
37
Suppose -c - 15 = -2*j - 56, 91 = 3*c + 2*j. What are the prime factors of c?
3, 11
Let y = -3 - 6. List the prime factors of (-2)/(-6) - 114/y.
13
Let r(x) = -x + 4. Let w be r(-5). Suppose 3*f - 74 = 2*z, 3*f - 3*z - w = 66. What are the prime factors of f?
2, 3
Suppose -4*w = 5*v + 9 - 25, 4*v = -5*w + 20. Suppose 6*i + 15 = -w*m + 5*i, 3*m - 4*i = -35. Let p = 7 + m. List the prime factors of p.
2
Suppose w = -1 + 23. What are the prime factors of w?
2, 11
Let o = -21 - -44. What are the prime factors of o?
23
Suppose 3 = -s + 2*s. List the prime factors of -2 + s + (0 - -2).
